 is -404 - 1552?
-2400
In base 10, what is 34 + -734?
-700
In base 7, what is -11 - -34132?
34121
In base 11, what is 3 - -10a06?
10a09
In base 2, what is -101 + 1101001001101010?
1101001001100101
In base 13, what is b + -89?
-7b
In base 6, what is 113152 + 5?
113201
In base 6, what is 5 + -355222?
-355213
In base 5, what is 0 - -210200302?
210200302
In base 10, what is -47602 + -25?
-47627
In base 4, what is 102211213 + 0?
102211213
In base 4, what is 30303001 - -3?
30303010
In base 5, what is 44113 + 2400?
102013
In base 8, what is 0 + 446643?
446643
In base 2, what is -100111111000111111111 + -10?
-100111111001000000001
In base 13, what is 90 + -22a?
-16a
In base 4, what is 21 - -1023120?
1023201
In base 5, what is 433423 - 222?
433201
In base 12, what is -5 - -35134?
3512b
In base 15, what is 93e - -4?
943
In base 5, what is 220420232 - 10?
220420222
In base 12, what is -2331 - -9?
-2324
In base 11, what is -24 - 40961?
-40985
In base 13, what is -4 + 125cb?
125c7
In base 2, what is -11100101 + 1010010?
-10010011
In base 5, what is -4130 + 234?
-3341
In base 12, what is -45508 + -2?
-4550a
In base 11, what is 51754 + 1?
51755
In base 5, what is 1 - 312314411?
-312314410
In base 16, what is -77f - -c6?
-6b9
In base 2, what is -11010010101111111 + 1100?
-11010010101110011
In base 7, what is -25644202 - 3?
-25644205
In base 6, what is -123001205 - -3?
-123001202
In base 6, what is 240244 + -5?
240235
In base 12, what is 2 + 1343ba?
134400
In base 6, what is 211042 + -5?
211033
In base 11, what is 204 - -47?
250
In base 14, what is 52 - 423?
-3b1
In base 9, what is -1 - -16138?
16137
In base 4, what is 1003 + 112021?
113030
In base 2, what is -10 - 10011101110?
-10011110000
In base 14, what is 1 + -266b9?
-266b8
In base 3, what is 2 - 1010000010?
-1010000001
In base 3, what is -1202 + -111122010?
-111200212
In base 12, what is 11599 - 2?
11597
In base 8, what is 7 - 71375?
-71366
In base 8, what is -2 - -272732?
272730
In base 5, what is -124042 + -3301?
-132343
In base 8, what is 46627 + 35?
46664
In base 7, what is 104 - 50353?
-50246
In base 7, what is 52616 + -10?
52606
In base 15, what is 7b98 + 1?
7b99
In base 2, what is 0 + -101111100101000?
-101111100101000
In base 15, what is -1 + -413ee?
-41400
In base 13, what is -44b + -31b?
-769
In base 3, what is -1111022100210 - 0?
-1111022100210
In base 8, what is -2 - -346272?
346270
In base 2, what is -101 - -110101100000100?
110101011111111
In base 3, what is 12 + -10221220020?
-10221220001
In base 16, what is 1e9 - 19?
1d0
In base 11, what is -34649 + -4?
-34652
In base 8, what is 1136432 - 0?
1136432
In base 7, what is 6 - -1103014?
1103023
In base 3, what is 102 + -222111022?
-222110220
In base 12, what is -316615 + 2?
-316613
In base 10, what is 1214 + 1729?
2943
In base 4, what is 120310200 + 10?
120310210
In base 7, what is 1246 - 0?
1246
In base 2, what is 1 + -10011010110100000110?
-10011010110100000101
In base 15, what is 3c4e3 - -1?
3c4e4
In base 6, what is 31251 - -1?
31252
In base 13, what is 34 + -34b0a?
-34aa6
In base 2, what is 11110000000 - -10?
11110000010
In base 7, what is 1322033 + 14?
1322050
In base 16, what is -37 + -29f?
-2d6
In base 16, what is 1e8 + 16a?
352
In base 12, what is -4 - -130858?
130854
In base 8, what is 2 + 1113?
1115
In base 15, what is 6257c - -4?
62581
In base 13, what is 13510 - -5?
13515
In base 7, what is 4 - 415223?
-415216
In base 15, what is 58376 + 4?
5837a
In base 3, what is 111222111111 - -1?
111222111112
In base 9, what is -4 - -87820?
87815
In base 3, what is -20 + -22121110?
-22121200
In base 4, what is 310 + -301223?
-300313
In base 3, what is 20210222112 + 11?
20210222200
In base 11, what is -379 - -2651?
2283
In base 16, what is -1 - -37ea6?
37ea5
In base 3, what is -2 - 2222022210?
-2222022212
In base 8, what is 3463 + -55?
3406
In base 5, what is -1131 - -32?
-1044
In base 14, what is 19 - 268?
-24d
In base 9, what is 1074 + -1055?
18
In base 16, what is -1e9 + 19?
-1d0
In base 6, what is -2051 + -102?
-2153
In base 2, what is 1001111111100111 - 101?
1001111111100010
In base 5, what is 1033303 - 100?
1033203
In base 8, what is -161154 + -5?
-161161
In base 9, what is -4 + 177764?
177760
In base 8, what is 472 + -543?
-51
In base 6, what is -50315 - 5?
-50324
In base 14, what is -33 - -1721?
16cc
In base 12, what is 60 - 310?
-270
In base 11, what is 41a9a0 + -2?
41a999
In base 13, what is 1127c6 + -3?
1127c3
In base 2, what is -101111000 + -10110010?
-1000101010
In base 8, what is -205640 - -4?
-205634
In base 3, what is 1020020111 - -2010?
1020022121
In base 10, what is -81864 - 5?
-81869
In base 9, what is 20108 + -4?
20104
In base 12, what is 3 + -10106?
-10103
In base 2, what is 1011 - -100011101?
100101000
In base 5, what is -133242 + 2?
-133240
In base 6, what is 441033 - 4?
441025
In base 12, what is -11b - 6?
-125
In base 14, what is 7 + 6c9?
6d2
In base 11, what is 691a - 13?
6907
In base 9, what is -15 + 21146?
21131
In base 2, what is 101 + -11101010101011?
-11101010100110
In base 14, what is -94ac + -cc?
-959a
In base 4, what is 220 + -12?
202
In base 15, what is -21 + 38ae?
388d
In base 14, what is ddb + -b?
dd0
In base 5, what is -3 + -3430242?
-3430300
In base 5, what is -21110204 - -4?
-21110200
In base 11, what is 1a02a0 - -1?
1a02a1
In base 8, what is 3202 - -6?
3210
In base 11, what is -70632 - -11?
-70621
In base 14, what is 1cb5a + -4?
1cb56
In base 2, what is 10111111011111 - -11?
10111111100010
In base 10, what is 101999 + 4?
102003
In base 10, what is 49962 + 8?
49970
In base 12, what is -2a3a - 23?
-2a61
In base 2, what is -101101010110000101 + -110?
-101101010110001011
In base 15, what is 2 - -541a9?
541ab
In base 6, what is -42312 - 141?
-42453
In base 11, what is 1 + 37302?
37303
In base 4, what is -310311 - 32?
-311003
In base 12, what is -1 - 827a?
-827b
In base 6, what is -20451 - -250?
-20201
In base 14, what is -1079 + 10?
-1069
In base 7, what is 602003 + 6?
602012
In base 3, what is 1012022121111 - -12?
1012022121200
In base 7, what is 116 - -461616?
462035
In base 7, what is -3 - -162022?
162016
In base 12, what is -a13a7 - 1?
-a13a8
In base 6, what is 1 - 540201?
-540200
In base 2, what is 10010010000111001 - -1011?
10010010001000100
In base 5, what is 1 + -444404?
-444403
In base 8, what is -4 + 25775?
25771
In base 12, what is 1744 + 4?
1748
In base 8, what is -5 - -204114?
204107
In base 4, what is 10 + 30020332?
30021002
In base 11, what is -3 + -454a7?
-454aa
In base 5, what is 1442 - -124?
2121
In base 12, what is 5 - 803?
-7ba
In base 12, what is 0 + -8a17?
-8a17
In base 6, what is -545 + 1221?
232
In base 10, what is -4 - -143029?
143025
In base 10, what is 70 - -2622?
2692
In base 6, what is 550 - -21443?
22433
In base 8, what is 13 - 56426?
-56413
In base 3, what is -10 - 1120112120?
-1120112200
In base 5, what is 430 - 132?
243
In base 15, what is -2199 + 0?
-2199
In base 5, what is -3 - 103421322?
-103421330
In base 14, what is 4321 - -4?
4325
In base 7, what is -5420 - 32?
-5452
In base 15, what is cbcb + -1?
cbca
In base 3, what is 20111 - -220101?
1010212
In base 10, what is 272 - 65?
207
In base 5, what is -30221 + -41?
-30312
In base 2, what is 10011011001 + -1000101?
10010010100
In base 7, what is -1241 - 164?
-1435
In base 10, what is -1647 + 13?
-1634
In base 12, what is -24b623 + 3?
-24b620
In base 8, what is 6225502 - -2?
6225504
In base 7, what is -12235 - 4?
-12242
In base 16, what is 74 + -d1?
-5d
In base 11, what is -591 - 466?
-a47
In base 4, what is -2133 + -10032?
-12231
In base 5, what is 2222 - -11?
2233
In base 2, what is 1 - 110101001001001010?
-110101001001001001
In base 5, what is -3 + 32201221?
32201213
In base 3, what is 2100222011101 - -1?
2100222011102
In base 15, what is 15 + 7b94?
7ba9
In base 8, what is 5660 + -67?
5571
In base 12, what is 152a088 - -2?
152a08a
In base 7, what is -1032414 - -2?
-1032412
In base 6, what is 25 - -21014?
21043
In base 4, what is 11 - -2103101?
2103112
In base 6, what is 3225 - 2302?
523
In base 6, what is -33353 + 305?
-33044
In base 7, what is 0 + -526205?
-526205
In base 15, what is 14c - 183?
-36
In base 3, what is -200 - -2110000?
2102100
In base 3, what is 100 + 220120220?
220121020
In base 10, what is -825 - 1155?